 j(c) = -c**3 + 15*c**2 + 10*c + 7. Is j(f) composite?
False
Suppose 4*o = g - 10, g + 4*o = -3*g. Let q be g + 12*(-176)/(-4). Suppose y + z - q = -0*z, 0 = 3*z + 9. Is y a composite number?
True
Let m = -1768 - -5178. Let v = m + -2259. Is v a prime number?
True
Let q(g) = -27*g + 47. Suppose -64 = 92*a - 88*a. Is q(a) prime?
True
Let a(u) be the second derivative of 19*u**3 + 59*u**2/2 + 26*u. Is a(14) a prime number?
False
Let d = 38353 - -38836. Is d prime?
False
Suppose 5*f - 29 - 16 = 0. Is (-2)/f - (-2)/(-36)*-3442 prime?
True
Let c = -2857 - -6962. Is c prime?
False
Suppose 5*h - 4*n = 88, -2*h = -h - 3*n - 22. Let o(d) = 12*d**2 + 34*d + 25. Is o(h) prime?
False
Suppose 0 = -5*k + 2*v + 35, 0*k = 2*k - 5*v - 35. Suppose -3*s - 311 = -4*o - 2022, -k*o - 2845 = -5*s. Is s prime?
False
Let n = 42 + 26. Suppose 62 = -4*m + 70. Suppose -6*t + t - n = -4*b, m*b - 5*t = 24. Is b a composite number?
True
Let k = 15 - 24. Let g(m) = -m**3 - 4*m**2 + 4*m + 10. Is g(k) a prime number?
True
Let y = 18 + -16. Let d(n) = y*n + 0*n - 4*n + 6*n**3 - 4 + 3*n**2. Is d(3) prime?
True
Suppose 3*w + w + 12 = 0. Let x = w - -8. Suppose -4*n - x*z + 184 + 129 = 0, -72 = -n + 5*z. Is n prime?
False
Suppose 12*l - 5*l + 28 = 0. Let y = 4 + l. Suppose -7*s + 4*s + 339 = y. Is s a composite number?
False
Suppose 0*o = -b - 5*o + 576, 2283 = 4*b - o. Is b prime?
True
Let b(w) = 11*w - 14*w + 6*w + 4*w**2 + 5. Let q be b(8). Suppose 3*h + q = 6*h. Is h a prime number?
False
Suppose -3*f - 10008 = -3*s, -6*f + 4*f = s - 3339. Is s a prime number?
False
Let o(w) = -2*w**2 + 1. Let k be o(-2). Let z = k - -9. Suppose -z*t + 7*t = 485. Is t a prime number?
True
Let x(j) be the third derivative of j**6/120 - j**5/4 + 5*j**4/8 - 7*j**3/3 + 3*j**2. Suppose q + 3*v - 21 = -q, -5*q - v + 72 = 0. Is x(q) prime?
True
Let h = 56 - 32. Let w = h - -50. Suppose k = 2*d - 31 - 43, 2*d = -4*k + w. Is d composite?
False
Let m(q) = -q**3 + 6*q**2 - 2*q - 1. Let h be m(5). Let o = -9 + h. Suppose 5*y = 3*a + 2*a - 2760, -3*a + o*y + 1646 = 0. Is a a prime number?
True
Let p(i) be the second derivative of 61*i**4/12 + i**3/2 + 9*i**2/2 - 11*i. Is p(7) a composite number?
False
Suppose -7*g = -0*g - 4669. Suppose -5*a + 1228 + g = 0. Is a a prime number?
True
Let q(t) = -122*t - 12. Let h be q(-5). Suppose -7*d + 5*d + h = 0. Is d prime?
False
Let k = 2808 - -521. Is k prime?
True
Let l(y) = 150*y + 13. Suppose -3*g + 14 = 5*i, -i = 5*g + 4 + 2. Is l(i) composite?
False
Suppose 14 = 19*r - 237771. Is r prime?
False
Let y = 1714 + -627. Is y composite?
False
Let a = 6923 + -2988. Is a prime?
False
Suppose -11*a = -16*a + 20. Suppose -16 = -2*g + 3*p, -18 = g - a*g + 3*p. Suppose -3*l - 1127 = -5*d, 3*d = -g*l + 634 + 27. Is d composite?
False
Let o(l) = -l**3 - 8*l**2 - 7*l - 3. Let y be (3/(-2))/(3/12). Let j = -2 + y. Is o(j) a prime number?
True
Suppose -31*z = 10*z - 333535. Is z a composite number?
True
Suppose -7 + 22 = 3*k. Suppose -k*d + 0*d - 132 = y, -5*d + 162 = -y. Is 0 - -2 - (y - 0) a composite number?
False
Let l = 22 - -26. Let b be l/10*(67 + -2). Suppose -3*d = -x - b - 177, -x - 815 = -5*d. Is d composite?
False
Suppose 0 = -u + 5*u + 3*j - 25, 3 = j. Let s be 3/(((-21)/u)/(-7)). Suppose -s*h + 5*h = 65. Is h a prime number?
False
Let l = 346381 + -236388. Is l composite?
True
Suppose 0 = 3*p - 5459 + 851. Suppose 3*h + z = -2*h + p, -311 = -h - 4*z. Is h a composite number?
False
Suppose 3*f + f + 36 = 0. Let d = f + 11. Suppose 3*l + d*l = 1115. Is l prime?
True
Let g = 5792 + 3579. Is g a prime number?
True
Let g(i) = i**3 - 11*i**2 - 13*i + 15. Let t be g(12). Suppose t*k - 5*c - 1180 = 0, 477 = 2*k - 2*c - 311. Is k prime?
False
Let v be ((-20)/6)/((-4)/(-894)). Let b = v - -1418. Is b prime?
True
Let y = -52 + 75. Suppose 18*d - y*d + 745 = 0. Is d composite?
False
Is (0 - -1)/(5/477380*4) a composite number?
False
Suppose -4*s = 4*c - 36, 4*s = -c + 2 + 16. Let l(z) = 6*z**3 - 9*z**2 - 3*z - 1. Is l(c) prime?
True
Let x(l) = l**3 + 9*l**2 - 2*l - 13. Let w be x(-9). Suppose i - 28 = 3*i + 4*v, w*i + v = -34. Is 12/4 + i + 49 composite?
True
Let c(t) = -t**2 - 14*t + 2. Let o be c(-14). Suppose -y - 1141 = -o*y. Is y a prime number?
False
Let c = 19 + -32. Is (2/6)/(c/(-10023)) a composite number?
False
Let z(t) = -2*t + 22. Let l be z(18). Let s = 15 + l. Is -1 + (-2)/s - -422 composite?
False
Suppose 5*x + 21 - 11 = 0. Suppose -1 = -2*n - 3. Is 257 - n - (-1 - x) composite?
False
Suppose 10*f - 19*f = -108711. Is f prime?
False
Let o(i) = 367*i - 16. Let h be o(5). Suppose 5*n - 13604 = -h. Is n a prime number?
True
Suppose 11*c = 7*c + 4*f + 53044, -5*f = 0. Is c composite?
True
Suppose 20*p - 15*p + 15 = 0, p = 3*f - 672. Is f a composite number?
False
Let r = 6845 + 42. Is r prime?
False
Suppose 5*f + 108 = f. Let s = f + 474. Is s prime?
False
Suppose 2348 = 3*y - 478. Let d = -385 + y. Is d composite?
False
Let p(f) = 9*f - 10. Let q be p(8). Let y be (-15)/(-10) - (-6)/(-4). Suppose -2*m + q = -y*m. Is m composite?
False
Suppose 4*q = 5*h - 14, -4*h + 9*h - 11 = q. Suppose h*u = -7 + 3. Is (u/(-6))/((-3)/(-99)) a prime number?
True
Let u be ((-6)/2)/(-3) - -3036. Suppose u = 7*f - 2178. Is f composite?
True
Let p(g) = 6*g**2 + 4*g + 4. Suppose -3*x - 2 = -5*x. Let c(n) = -n**2 - n + 1. Let o(y) = x*p(y) - 5*c(y). Is o(4) a prime number?
True
Let w = 7 + -7. Suppose 2*b + w*b - 10 = 0. Suppose -d - 65 = 3*i - 411, 4*d + 571 = b*i. Is i composite?
True
Let v(b) = 2*b**3 - 18*b**2 - 26*b - 1. Is v(20) a composite number?
True
Suppose 3*t - t - 38 = -5*n, 0 = 5*n - 4*t - 14. Suppose 5*x + 54 + n = 0. Is ((-633)/12)/(3/x) a composite number?
False
Suppose -51852 = 149*k - 161*k. Is k prime?
False
Suppose -5*s = -4*r + 318, -8*r + 5*s = -3*r - 400. Let u = r + -57. Is u composite?
True
Suppose -5*s - 103327 = -34*s. Is s composite?
True
Let u be 848/6 + 8/(-6). Suppose 4*q - 5*o + 140 = 0, 0*q = 4*q + 3*o + u. Let y = 54 - q. Is y composite?
False
Let y be 2967/8 - 11/(-88). Let d = -160 + y. Is d a composite number?
False
Is 3/9*(-109215)/(-9) a composite number?
True
Let r(n) = 7*n - 1. Let v be r(2). Suppose v - 18 = 5*l. Is 5 + 3/l + 345 composite?
False
Let x(c) = c**2 + 2*c - 4. Let l = 27 - 24. Is x(l) a prime number?
True
Suppose -1658 = c + 2636. Let h be c/22 - (-8)/44. Let x = 8 - h. Is x a composite number?
True
Suppose 180 = 4*z + 240. Let q(w) = -53*w + 22. Is q(z) a prime number?
False
Let i = -35314 - -51441. Is i a prime number?
True
Suppose -4*v = 4*a - 24, 4*v - a = 3*a - 16. Is (-972)/(-10) + v/(-5) a composite number?
False
Let n = 1769 + -896. Let l be (-5074)/(-4) + (-33)/22 + 1. Let d = l - n. Is d prime?
False
Is -4*(3598707/(-28))/21 prime?
True
Let k = 1256 - -27. Is k a prime number?
True
Let h = 145 + -141. Suppose 6*s = s - 4*b + 16251, -12968 = -h*s + 5*b. Is s a composite number?
True
Suppose -12592 - 3995 = -9*b. Is b a composite number?
True
Let m(a) = -3*a**2 + 15*a + 15. Let v(g) = -6*g - 3*g**2 + 5*g**2 - 14 - 9*g. Let t(n) = -5*m(n) - 6*v(n). Is t(11) prime?
False
Let a be ((1 - -26)/(-3))/(-1). Suppose -a*h = -400 + 121. Is h a composite number?
False
Let g(q) = 176*q + 11. Let a(j) = -351*j - 23. Let z(w) = -4*a(w) - 9*g(w). Is z(-2) a prime number?
True
Let y(p) = 3*p**3 - 9*p**2 - 17*p + 8. Let h be y(12). Let c = h + -2029. Is c a composite number?
False
Suppose 5*n = -5*i + 20, 3*i - 12 = -2*n + n. Suppose n = g - 18 - 271. Is g a prime number?
False
Let f(l) = -2260*l - 123. Is f(-22) a prime number?
True
Suppose 0*n + n + 5*z = 112, -2*z - 319 = -3*n. Let f = n - 24. Is f composite?
False
Let s = 9799 + 4454. Is s prime?
False
Suppose 0 = -18*f + 15*f + 38373. Is f prime?
True
Let l(k) = 2*k**2 + 3*k + 3. Let s(i) = 2*i. Let r be s(5). Suppose 4*j + r = -10. Is l(j) prime?
False
Suppose -4*t - d + 2957 = -52410, 5*t + 5*d = 69220. Is t prime?
True
Let l(s) = -3*s**3 + 7*s**2 + 3*s + 6. Is l(-5) composite?
False
Suppose 38*x = 32*x + 74706. Is x composite?
False
Let r be (266/10)/7 + (-4)/5. Let y(s) = 6*s + 5. Is y(r) prime?
True
Suppose 0 = 32*q - 327136 - 1273536. Is q composite?
False
Is ((34356/16)/(-7))/(6/(-8)) a prime number?
True
Suppose -55*h = -41*h - 6958. Is h prime?
False
Suppose -3*a = -1810 -